
Let c(f) = f**3 + 7*f**2 + 7*f - 1. Let u = 15 + -21. Determine c(u).
-7
Let j(x) be the second derivative of x**6/720 - x**5/60 + x**4/2 - x. Let w(c) be the third derivative of j(c). Let u be ((-7)/3 + 2)*-6. What is w(u)?
0
Let i be (1*-1 - (-3)/3)/(-1). Let r(u) be the second derivative of -1/2*u**2 - 1/6*u**3 + 1/6*u**4 + i - 2*u. Calculate r(-1).
2
Let i(m) = -m**3 - 3*m**2 + m - 3. Let a(h) = 2*h**3 + 4*h**2 - 2*h + 4. Let s(o) = -2*a(o) - 3*i(o). Let v = 3 + -1. Calculate s(v).
-1
Let n be 5 + (-4 + 2 - -1). Let q(b) = -b**3 + 3*b**2 + b + 1. What is q(n)?
-11
Suppose -3*a + 7 = -3*v - 8, -3*v = 0. Suppose 0 = a*i + 2*n - 4, -2*n - 9 = n. Let l(d) = 2*d - 1 + 0*d - d**i + 3*d. What is l(4)?
3
Let z(f) be the first derivative of f**4/4 + f**3/3 - f**2/2 - f - 1. Give z(-3).
-16
Let d(k) be the first derivative of -k**3/3 - k**2 + 11. What is d(2)?
-8
Let b be (-36)/(-8) + 1/(-2). Suppose b*i + 0*i + 4 = 0. Let x(z) = -5*z + 1. Calculate x(i).
6
Let o(a) be the first derivative of 9*a**4/4 - a**2 + a + 1. Let f(m) = 4*m. Let r(w) = 3*w - 1. Let i(q) = -2*f(q) + 3*r(q). Let j be i(4). Determine o(j).
8
Let g(y) = y**2 + y + 1. Let b(i) = -i**2 - i + 1. Let a(p) = 3*p**2 + 9*p + 8. Let r(o) = -a(o) + 3*b(o). Let s(w) = 5*g(w) + r(w). Determine s(-6).
6
Let l(s) = -s - 5. Let w(g) = g + 4. Let k(b) = -4*l(b) - 5*w(b). Calculate k(-1).
1
Let n(i) = -3*i**2 - 3*i - 1. Let y(j) = 4*j**2 + 4*j + 2. Let k(x) = 3*n(x) + 2*y(x). Give k(0).
1
Let s(w) = -2*w**3 - w**2 + 1. Suppose 0 = 2*c - 0 + 2. What is s(c)?
2
Let y(j) = j - 5. Let w = 12 - 5. Let t be y(w). Let r(i) = t*i + 3*i - 7 - 13*i - i**2. Give r(-5).
8
Let p(a) = 4*a**3 + 7*a**2 - a + 10. Let r(f) = 3*f**3 + 5*f**2 - f + 7. Let d(j) = -5*p(j) + 7*r(j). What is d(3)?
20
Suppose c = -3*l + 9, 20*c - 6 = 18*c. Let i(r) = 2*r**2 - 3*r + 3. Let p(t) = 2*t**2 - 3*t + 3. Let h(m) = 4*i(m) - 5*p(m). Give h(l).
-5
Suppose 12 = -0*b - 2*b. Let l(z) = -z**2 - 7*z - 2. Give l(b).
4
Suppose 4*r + 3*k + 57 = 0, 2*r - 5*k + 9 = -0*k. Let s = 15 + r. Let a(c) = c. Calculate a(s).
3
Let i be ((-3)/(-6))/((-2)/(-28)). Let x be (-2)/i - 25/35. Let s(a) = 3*a**2 - 2*a - 1. Calculate s(x).
4
Suppose 3*w + 9 = 3. Let m be ((-8)/6)/(w/(-3)). Let q(z) be the second derivative of z**4/6 + z**3/3 + z**2/2 + z. Calculate q(m).
5
Let o(h) be the third derivative of -h**5/60 - 5*h**4/24 + h**3 + 16*h**2. Give o(-5).
6
Let l be (-2)/7 - (-253)/77. Let v(r) = r + 2. Determine v(l).
5
Let v(b) = b**3 + 9*b**2 + 5*b + 8. Let i be (6 + 18)/(-6) + -4. Give v(i).
32
Let r(k) = 16 - 5 - 3*k + 2*k. Suppose 2*o + 11 = 4*m - 3*m, 2*m - 2 = -o. Suppose m*n - 27 = -9. Give r(n).
5
Let o(h) = -6*h**3 + h - 1. Let y(f) = f**2 + 11*f + 2 + 0*f**2 + 9. Suppose -40 = 2*j + 2*j. Let m be y(j). What is o(m)?
-6
Let r be 6*(-1)/(-3)*-1. Let q(d) = 2*d**2 - 2. Let a(g) = -5*g**2 + g + 6. Let j(n) = 4*a(n) + 11*q(n). Give j(r).
2
Let d = 1 - -2. Suppose 2*b = -d*b + 10. Suppose -b*x - 8 = 2. Let c(a) = a + 8. What is c(x)?
3
Let l(w) = -4*w**3 - 3*w**2 + 8*w. Let a(y) = 5*y**3 + 3*y**2 - 9*y. Let t(o) = 3*a(o) + 4*l(o). Calculate t(-4).
-4
Suppose 16 = -4*v + 8*v. Let x(y) = y + 5*y - v - 8*y + 2. Calculate x(-4).
6
Let v(d) = -d**3 + d**2 + d + 2. Let p be v(0). Let n(t) = 3*t - p - 4*t + 2. Suppose 0 = -3*i + y + 10 - 0, 4*i + 5*y = 7. Calculate n(i).
-3
Let j(w) = -14 + 2*w + 2*w**2 + 6 + 0*w**2 + 6. Give j(-3).
10
Let r(k) = -8*k - 1. Let l = -6 - -5. What is r(l)?
7
Let l = 10 - 8. Suppose -10 = -l*z - 5*n, 5*z + 3*n = z + 20. Let p(r) be the third derivative of r**4/24 - 11*r**3/6 - r**2. Calculate p(z).
-6
Let m(w) = -w + 1. Let v be (-15 - -14) + 0 + -3. Calculate m(v).
5
Let t(m) = m + 1. Let s = 0 - 3. Let a(d) = -6*d**2 + 5*d + 2. Let k(p) = s*t(p) + a(p). Let h be -1 - -3 - (-7)/(-7). What is k(h)?
-5
Let m be 2 + 2 - 3/1. Suppose 4*z + m + 19 = 0. Let y(h) = -5 + 13 - 3 + h. Give y(z).
0
Suppose 4*n + 2 = -4*s + 50, 5*n - 2*s = 81. Let x be (n/(-10))/(3/(-4)). Let v = -7 + x. Let b(f) = -f. Calculate b(v).
5
Let f(c) = 2*c + 4. Let v(h) = h**3 + 5*h**2 + 8*h + 8. Let k be v(-6). Let j be k/28 + (-2)/7. Determine f(j).
-2
Let c(t) = t**2 - 3*t + 2. Let d be c(2). Suppose d*u = 2*u + 12. Let b(s) = -s - 5. Determine b(u).
1
Suppose -4*i - 17 = -133. Suppose -5*c = -l + 23, -i = 5*c + 2*l - 0*l. Let o(z) be the second derivative of z**5/20 + 5*z**4/12 - z**2/2 - z. Determine o(c).
-1
Let d(o) = -o**2 + 2*o - 1. Let w be (0 - -3)/(-3) + 1. Suppose w = -2*v + 2. Let s = v - 0. Give d(s).
0
Suppose 13 = 5*v + 3. Let i(q) = -3 - 3*q - v - 4*q - q**2. Give i(-5).
5
Suppose -3*i + 1 + 14 = 0. Suppose i*d + 3 = -7. Let p(m) be the third derivative of -m**4/8 - m**3/6 + m**2. Calculate p(d).
5
Suppose j + 3 + 4 = 2*a, -3*a + 23 = j. Let i(y) = -y**2 + 6*y + 6. Calculate i(a).
6
Let f(t) = -2 + 3*t**2 + 2. Let v be f(-1). Let k(j) = -2*j**2 + 5*j - 2. Give k(v).
-5
Let p be -1*(-2)/(3*1/(-3)). Let s(c) = -c**3 - 2*c**2 - c - 2. Give s(p).
0
Let i(u) = -2*u**2 - 4*u**2 - 2 + 5*u**2 - 2*u. Let z(f) = -2*f - 17. Let y be z(-7). Give i(y).
-5
Let n(w) = -w**2 + 10*w - 5. Let a be n(9). Let b(v) = 2 - a*v**3 + 7*v**3 - v - 4*v**3. Suppose -2*z + 7*z = -3*c + 15, z - 3 = -c. Determine b(c).
2
Let f = -36 - -36. Let u(r) = r**2 + r - 15. What is u(f)?
-15
Let m(k) = -k**2 + 3*k - 7. Suppose 0 = 3*h + h + 5*t - 50, -3*h + 4*t + 53 = 0. Suppose 0 = 2*d - 5*d + h. Calculate m(d).
-17
Let z(a) = -19*a + 3. Let k(l) be the second derivative of 5*l**3/6 - l**2/2 - l. Let f(i) = -22*k(i) - 6*z(i). What is f(-5)?
-16
Suppose 5*b = b - 16. Let x(d) = -6*d**2 - 12*d + 15. Let n(j) = -2*j**2 - 4*j + 5. Let q(c) = -7*n(c) + 2*x(c). Determine q(b).
11
Let s(l) = l - 1. Let f = 0 - -1. Let y be s(f). Let g(r) be the third derivative of -r**6/120 - r**5/60 - r**3/6 - 2*r**2. Give g(y).
-1
Let r(v) = 7*v + 7. Let t(y) = -y - 1. Let x(l) = -r(l) - 6*t(l). Determine x(4).
-5
Let s(b) = -b + 8. Let c = -28 - -18. Let n be ((-42)/30)/(2/c). What is s(n)?
1
Let s(x) be the third derivative of 0 + 0*x**3 + 0*x + 1/120*x**6 - 2*x**2 - 1/8*x**4 + 1/60*x**5. Determine s(-3).
-9
Let z(b) be the first derivative of 5/3*b**3 - b**2 - 1/4*b**4 - 3 - 4*b. Suppose 4*v - w - 5 = 12, 0 = -v + 3*w + 18. Determine z(v).
8
Let a(u) = -u - 5. Let m = 14 + -6. Suppose 2*f = 4*f. Suppose 2*i + m = -f*i. What is a(i)?
-1
Let y(h) = -2*h + 12*h - 6*h + 1 - 3*h. Determine y(-5).
-4
Let w(y) be the third derivative of y**6/40 + y**5/20 + y**3 + 6*y**2. Let p(v) = 16*v**3 + 15*v**2 - v + 31. Let s(u) = -2*p(u) + 11*w(u). Calculate s(-3).
-2
Suppose t = x - 3, 2*t = -3*x - x + 6. Let q(i) = 5 - 6*i - 2*i**2 + 11*i + 3*i**x. Determine q(-5).
5
Let y(f) = -7*f**2 + 11*f**2 + 1 + 5*f - 3*f**2. Determine y(-3).
-5
Let l(a) = a**3 + a**2 + a + 4. Let o(f) = -f**2 - f - 1. Let b(y) = -l(y) - 6*o(y). Determine b(6).
-4
Let g(c) = 3*c**2 - 3*c - 5. Let o(q) be the third derivative of 2/3*q**3 + 0 - q**2 + 0*q + 1/12*q**4 - 1/30*q**5. Let f(a) = 3*g(a) + 4*o(a). Determine f(-2).
7
Let g(q) = -3*q + q + 6*q + 9 - q. Give g(-7).
-12
Let t(g) be the first derivative of 2*g**2 - 3*g - 5/3*g**3 + 2 + 1/4*g**4. Give t(4).
-3
Let r = -30 - -33. Let k(n) be the third derivative of -5/6*n**r - 1/24*n**4 + 0*n + 2*n**2 + 1/60*n**5 + 0. Give k(0).
-5
Let b(c) be the third derivative of -c**6/120 + 7*c**5/60 - c**4/24 + 4*c**3/3 - 4*c**2. Determine b(7).
1
Let o(j) = j - 1. Let h = -57 - -50. Give o(h).
-8
Let o(z) = -4*z + 6. Let q(s) = -6*s + 9. Let x(u) = -7*o(u) + 5*q(u). Calculate x(-5).
13
Let r = -48 + 38. Let q(u) = -u - 13. Determine q(r).
-3
Let v be (-2 - (-1 - -1))*-1. Let g(z) = -2 + 0 + z + v + 4. Give g(-5).
-1
Let q(r) be the first derivative of r**3/3 - 2*r**2 + r + 11. Let h = 11 + -7. Let c be (-1)/(1 + h/(-3)). Calculate q(c).
-2
Suppose -2*h = 4*f - 33 + 11, -h + 19 = 4*f. Let d(q) = -3*q - 3*q**2 + 2*q**2 + q**h + 3 + 4*q**2. Suppose -5*s + 5*c = 20, s = 2*c - 6 + 2. What is d(s)?
-1
Suppose 2 = -3*p - 1. Let g(b) = 9*b + 1. What is g(p)?
-8
Let h(s) = 4*s**2 + 26*s + 8. Let o be h(-6). Let d(r) = -r - 1. What is d(o)?
3
Let b(d) = -d**2 + 4*d + 7. Let p be b(5). Let s(x) = -4*x + 0 + 5*x - 3*x - p. Determine s(-5).
8
Let x(r) = -2 + r + 4 - 4. Let y(g) = -g - 2. Let i be y(-7). G